ighest common factor of 6944930 and 23966.
1042
Calculate the greatest common divisor of 1634 and 2991569.
19
What is the highest common factor of 132716144 and 731?
17
What is the highest common divisor of 8159421 and 183?
183
What is the greatest common divisor of 36472 and 27542?
94
Calculate the greatest common divisor of 8449 and 1173221.
119
What is the greatest common divisor of 746568 and 127944?
72
Calculate the highest common factor of 48488 and 65656.
232
What is the greatest common divisor of 26531064 and 49896?
4536
Calculate the highest common divisor of 24262056 and 3640.
728
Calculate the highest common divisor of 9424 and 488984.
152
Calculate the highest common divisor of 8672 and 5182062.
542
Calculate the greatest common divisor of 292392 and 10232.
8
Calculate the highest common divisor of 37759 and 4542841.
619
Calculate the greatest common factor of 84 and 403719252.
12
What is the greatest common factor of 51 and 142965631?
17
What is the greatest common factor of 15736 and 17141?
281
What is the highest common factor of 29 and 357189665?
29
What is the highest common divisor of 2500 and 5601875?
625
What is the greatest common factor of 21309 and 501?
3
Calculate the highest common divisor of 1186339798 and 4046.
4046
Calculate the greatest common divisor of 9388492 and 32996.
452
Calculate the highest common divisor of 13686 and 265842.
6
Calculate the greatest common factor of 2962 and 351693070.
2962
What is the greatest common factor of 81 and 181352925?
81
Calculate the highest common divisor of 305712 and 13680.
144
Calculate the highest common divisor of 2712837 and 272100.
2721
What is the greatest common factor of 19605101 and 16648?
2081
What is the greatest common factor of 1446876 and 14964449?
13397
Calculate the highest common factor of 75933 and 29557.
11
Calculate the highest common factor of 198 and 614174.
22
Calculate the greatest common divisor of 12371 and 1537479.
139
Calculate the highest common divisor of 6971745 and 846.
141
What is the highest common factor of 371316400 and 728?
728
What is the greatest common factor of 45090 and 2292242?
334
Calculate the highest common divisor of 718188310 and 30.
10
What is the greatest common divisor of 1486 and 584995849?
743
Calculate the greatest common factor of 42357038 and 11894.
626
What is the highest common divisor of 1478918 and 1568?
98
Calculate the greatest common factor of 144316 and 476984.
436
Calculate the highest common divisor of 158414 and 5150.
206
Calculate the greatest common divisor of 14392 and 12202874.
514
Calculate the greatest common factor of 10492230 and 16898.
238
Calculate the greatest common factor of 9154205 and 4281.
1427
Calculate the highest common factor of 121363 and 21004.
59
What is the highest common factor of 335990276 and 2108?
124
Calculate the greatest common factor of 6827 and 25717309.
6827
Calculate the greatest common factor of 10440568 and 35584.
1112
Calculate the greatest common factor of 114 and 3830609.
19
What is the highest common divisor of 459 and 98099469?
153
Calculate the greatest common factor of 3686144 and 561.
187
Calculate the highest common divisor of 769446 and 70956.
54
What is the greatest common divisor of 2795340 and 7020?
60
What is the greatest common factor of 627500502 and 54?
18
What is the highest common divisor of 4111878 and 19749?
681
What is the greatest common divisor of 231 and 63054831?
21
Calculate the greatest common divisor of 898962680 and 265.
265
What is the greatest common factor of 662074 and 322?
14
Calculate the greatest common factor of 4071793 and 16911.
1879
What is the highest common factor of 39761104 and 48?
16
Calculate the greatest common divisor of 7225 and 62224012.
289
Calculate the highest common factor of 20550228 and 792.
12
What is the highest common divisor of 2412 and 5016156?
804
Calculate the highest common divisor of 199974999 and 7.
7
What is the greatest common divisor of 138310168 and 12016?
6008
Calculate the greatest common divisor of 140073171 and 5949.
1983
Calculate the highest common divisor of 33762000 and 510.
510
What is the highest common divisor of 334896009 and 21?
21
Calculate the greatest common factor of 180 and 382670.
10
What is the highest common factor of 17060560 and 16280?
440
What is the highest common divisor of 629952 and 1394?
34
What is the greatest common factor of 165581 and 15040?
47
Calculate the greatest common divisor of 644 and 116950932.
28
Calculate the greatest common divisor of 7624897 and 5607.
623
What is the highest common factor of 2996968 and 117?
13
What is the greatest common divisor of 1641762 and 702?
54
Calculate the highest common factor of 9792 and 293184.
576
What is the greatest common divisor of 60059 and 9773?
29
Calculate the greatest common factor of 198 and 9709194.
66
What is the highest common factor of 32 and 600516?
4
Calculate the greatest common factor of 8 and 26977216.
8
What is the greatest common divisor of 70195 and 96883?
139
What is the greatest common factor of 1483108 and 4356?
44
What is the highest common divisor of 8587182 and 1457?
47
Calculate the highest common divisor of 950080695 and 15.
15
Calculate the greatest common factor of 167874 and 9366684.
3426
What is the greatest common factor of 23632974 and 124?
62
Calculate the greatest common divisor of 7102 and 112996371.
3551
What is the greatest common divisor of 876585632 and 26?
26
Calculate the greatest common factor of 132 and 62065344.
132
Calculate the greatest common divisor of 765279 and 7360.
23
What is the greatest common factor of 666 and 19846188?
18
What is the highest common factor of 37 and 4994263?
1
Calculate the highest common divisor of 22975 and 3275.
25
Calculate the highest common factor of 70323 and 144.
3
What is the highest common divisor of 244 and 332695342?
122
What is the greatest common factor of 44160 and 64980?
60
Calculate the greatest common divisor of 100 and 271855340.
20
What is the greatest common factor of 2675 and 46627925?
2675
Calculate the greatest common factor of 32548 and 276.
4
What is the greatest common factor of 315994 and 1624?
14
Calculate the highest common divisor of 28532 and 71036.
28
Calculate the greatest common factor of 41955315 and 3870.
645
What is the highest common divisor of 3087520 and 4320?
160
Calculate the highest common divisor of 1065 and 1866093.
213
What is the greatest common divisor of 1980279 and 35973?
63
What is the highest common factor of 1145484792 and 906?
906
What is the highest common divisor of 433176 and 47048?
8
Calculate the highest common divisor of 864 and 3283568.
16
Calculate the highest common factor of 876 and 283863639.
219
What is the highest common divisor of 147406144 and 10176?
3392
What is the highest common factor of 1541 and 825641?
67
What is the highest common divisor of 1213000 and 1300?
100
Calculate the highest common divisor of 78905 and 13717.
43
Calculate the highest common divisor of 420 and 7412292.
12
What is the greatest common factor of 688923 and 8036?
41
What is the highest common divisor of 66 and 424698?
6
Calculate the greatest common divisor of 592 and 238996912.
592
Calculate the greatest common factor of 17008735 and 139.
139
Calculate the highest common divisor of 193416 and 43080.
24
What is the greatest common factor of 8481796 and 36?
4
What is the greatest common factor of 1271265 and 6375?
15
What is the greatest common factor of 17264 and 294697?
13
What is the highest common factor of 28 and 482685784?
28
What is the greatest common divisor of 120499716 and 48?
12
Calculate the highest common factor of 52259770 and 1880.
470
Calculate the highest common factor of 617 and 14077.
1
Calculate the highest common factor of 18285 and 1803729.
69
What is the greatest common divisor of 215 and 2640220?
5
What is the greatest common factor of 396612804 and 36?
12
Calculate the greatest common divisor of 215884 and 88930280.
6964
Calculate the highest common divisor of 35 and 131750495.
5
What is the highest common divisor of 1234983 and 1055?
211
Calculate the highest common factor of 430 and 15105771.
43
Calculate the highest common factor of 475 and 6170345.
95
Calculate the highest